 - -100110001001000000?
100110001001000100
In base 8, what is -4571 - -116?
-4453
In base 16, what is 1a3 + -473?
-2d0
In base 13, what is 26 - -5a6c3?
5a719
In base 14, what is -73 + -1178?
-120b
In base 15, what is 4cc9 + 4?
4ccd
In base 10, what is 83 + -1428?
-1345
In base 3, what is 20 - -1210120010?
1210120100
In base 10, what is -3381 - 28?
-3409
In base 9, what is 124 - -4783?
5017
In base 7, what is -125 - 30335?
-30463
In base 2, what is -11100110 + -10110?
-11111100
In base 5, what is 10 - 2113432?
-2113422
In base 12, what is 15 + -5b000?
-5aba7
In base 4, what is -11110 - -1203003?
1131233
In base 8, what is -21214 + -52?
-21266
In base 7, what is 1204 - -25441?
26645
In base 14, what is -adc - -13?
-ac9
In base 4, what is 102111 - 233?
101212
In base 12, what is -81 - -4092?
4011
In base 11, what is -2 - 15224?
-15226
In base 9, what is -31833 + 54?
-31768
In base 2, what is 100 + -1111011111100110?
-1111011111100010
In base 4, what is -302 - -1000333?
1000031
In base 11, what is a - -2620?
262a
In base 8, what is 13 - -243671?
243704
In base 4, what is 310 - 22213312?
-22213002
In base 2, what is 101010110101 - 10011111?
101000010110
In base 13, what is -4 + 4905?
4901
In base 13, what is 72 - -4828?
489a
In base 13, what is 129c12 - -1?
129c13
In base 8, what is 4 + -4070602?
-4070576
In base 6, what is 1 - -15115021?
15115022
In base 6, what is 54250 + -13?
54233
In base 2, what is 101 + 1110111001100100?
1110111001101001
In base 15, what is 45 - 4b?
-6
In base 9, what is 11742 + -124?
11617
In base 8, what is 5 - 13546?
-13541
In base 9, what is -46 + 1668?
1622
In base 16, what is -7d - -10a?
8d
In base 12, what is 1b09a - 6?
1b094
In base 10, what is 20 + 2499?
2519
In base 6, what is 40 + 1053?
1133
In base 13, what is -a8 + -649?
-724
In base 3, what is 10022000 - -1002?
10100002
In base 13, what is 4 - a4874?
-a4870
In base 16, what is -27 + -23a?
-261
In base 5, what is 10430113 + 3?
10430121
In base 12, what is 64 - -187?
22b
In base 9, what is 0 - -533713?
533713
In base 9, what is -1 - 1023137?
-1023138
In base 3, what is -11 + -1022012211120?
-1022012211201
In base 5, what is 220111 - -10?
220121
In base 16, what is d2c + 2?
d2e
In base 5, what is 23422 + -13421?
10001
In base 5, what is 13243 - -341?
14134
In base 5, what is 320014 + -2?
320012
In base 16, what is -2 + -58f12?
-58f14
In base 3, what is 1012111102 + -2?
1012111100
In base 6, what is 1 - 4301200?
-4301155
In base 13, what is -21699 + -5?
-216a1
In base 7, what is -5 + -112436?
-112444
In base 15, what is -5ae - -81?
-52d
In base 5, what is -121200200 + 4?
-121200141
In base 14, what is -212b - 4?
-2131
In base 9, what is -25 + -31716?
-31742
In base 7, what is 3 + 13336?
13342
In base 7, what is 21 + 63256?
63310
In base 4, what is -2 - 1132210?
-1132212
In base 10, what is -10 + -1956?
-1966
In base 14, what is 368 + -2c?
33a
In base 6, what is 12241052 + 0?
12241052
In base 2, what is -1100101000000 + 1000?
-1100100111000
In base 16, what is -3d67cb - 3?
-3d67ce
In base 7, what is -416 - -165?
-221
In base 16, what is 132 + 216?
348
In base 10, what is -1 + 60190?
60189
In base 15, what is -1797 + 52?
-1745
In base 7, what is -32 - 1414?
-1446
In base 14, what is d87 - 17?
d70
In base 4, what is 11223 + 2123?
20012
In base 9, what is 10778 - -71?
10860
In base 10, what is -3064 - -143?
-2921
In base 4, what is 11 + 110011231?
110011302
In base 8, what is -5 - 110006?
-110013
In base 10, what is -427 - -6?
-421
In base 14, what is 2 + -ab3?
-ab1
In base 6, what is 134 - -10411?
10545
In base 6, what is -3434 + 53?
-3341
In base 15, what is -223 + -b4d?
-d71
In base 8, what is 1257354 + -3?
1257351
In base 3, what is 22012120000 + -100?
22012112200
In base 12, what is 5 + 204a08?
204a11
In base 3, what is -1021201121 + 10?
-1021201111
In base 8, what is -146154 - 10?
-146164
In base 15, what is -ec5a + 0?
-ec5a
In base 2, what is 100 - 1000100011011101?
-1000100011011001
In base 13, what is 2 + 13ba6c?
13ba71
In base 10, what is -3 - -61934?
61931
In base 16, what is -1c + -d1e2?
-d1fe
In base 2, what is -100111100001111 - 10101?
-100111100100100
In base 5, what is -112430 - -414?
-112011
In base 2, what is 1010000001111001 + 1?
1010000001111010
In base 2, what is 11 + -1011101010110?
-1011101010011
In base 6, what is -52 + 53535?
53443
In base 11, what is -2 - 231723?
-231725
In base 6, what is 53243 - -3?
53250
In base 9, what is 182623 + -4?
182618
In base 5, what is -1041 - -232211?
231120
In base 3, what is -121210 - -120202212?
120011002
In base 6, what is -110310 + 455?
-105411
In base 12, what is -42b19 - 6?
-42b23
In base 13, what is 4874c - 3?
48749
In base 13, what is -4 - b709?
-b710
In base 12, what is 4 + 143702?
143706
In base 14, what is 152 - 402?
-290
In base 8, what is 16 - 12536?
-12520
In base 5, what is -430 + -113?
-1043
In base 7, what is 62 + 3526?
3621
In base 2, what is 10110 - -10101111?
11000101
In base 13, what is 3 + a786?
a789
In base 16, what is -766c - -a?
-7662
In base 14, what is -4b6 - -4?
-4b2
In base 11, what is -638 + 93?
-555
In base 13, what is 2 + -6919?
-6917
In base 13, what is 31c49 - -8?
31c54
In base 16, what is -1a6 + -f0?
-296
In base 2, what is 10000010011011111111111 - 1?
10000010011011111111110
In base 5, what is -4 + 233414?
233410
In base 14, what is 4 - -25c8?
25cc
In base 13, what is -43 - -1849c?
18459
In base 15, what is -88b + 9?
-882
In base 9, what is -43006 - 1?
-43007
In base 3, what is 100 - -1020201?
1021001
In base 13, what is -35663 - -13?
-35650
In base 16, what is -f399 - -5?
-f394
In base 6, what is 520 + -2321?
-1401
In base 9, what is 11 - -6743?
6754
In base 10, what is 19617 - 0?
19617
In base 11, what is -674 - 8?
-681
In base 3, what is -110102 + 212022012?
211211210
In base 14, what is -285 + 70?
-215
In base 10, what is 227 - -8?
235
In base 6, what is -1530020 - 11?
-1530031
In base 4, what is 1112212 - -3?
1112221
In base 10, what is -4 + -36684?
-36688
In base 12, what is 15a0 - -196?
1776
In base 5, what is -2340 - -112?
-2223
In base 8, what is -11767 - 11?
-12000
In base 13, what is -5958c - -7?
-59585
In base 13, what is -86 + -84?
-13a
In base 10, what is 57260 - -4?
57264
In base 9, what is 4 + 23240?
23244
In base 13, what is 1bc7 + 12?
1c09
In base 14, what is 985a9 - -3?
985ac
In base 13, what is -10 - -3a13?
3a03
In base 12, what is a56a - -36?
a5a4
In base 9, what is 365333 + -4?
365328
In base 11, what is -251 - -839?
598
In base 15, what is -1b + -3411?
-342c
In base 13, what is 4 + bb12?
bb16
In base 10, what is -109166 - -4?
-109162
In base 13, what is -a3 - -5c?
-44
In base 6, what is 1034 + -12311?
-11233
In base 9, what is 10233 + -105?
10127
In base 15, what is 1 - dd5c?
-dd5b
In base 5, what is -10 + -3344224?
-3344234
In base 9, what is 8 - 23884?
-23875
In base 2, what is -111101110001101101 + 100?
-111101110001101001
In base 11, what is -23 - -663a9?
66386
In base 5, what is 34224 + -3?
34221
In base 12, what is 78 + 14257?
14313
In base 6, what is 2025 + 5?
2034
In base 8, what is -16056 - 4?
-16062
In base 5, what is -2323 - -2144?
-124
In base 10, what is 3 + 1508620?
1508623
In base 13, what is 21 + 528?
549
In base 8, what is -26354 - -11?
-26343
In base 8, what is 5265 + 21?
5306
In base 12, what is 2 + -16b00?
-16aba
In base 4, what is 3020231 - 10100?
3010131
In base 3, what is -22020001 + -1222?
-22022000
In base 3, what is -100 + 100200?
100100
In base 4, what is -331 - 23?
-1020
In base 16, what is -1271ce - -1?
-1271cd
In base 6, what is -1 + 4213453?
4213452
In base 14, what is 6 + 2a69b?
2a6a3
In base 11, what is -136284 - 5?
-136289
In base 4, what is 221201202 - 0?
221201202
In base 2, what is -11011001 - -101010?
-10101111
In base 6, what is 22344 + 111?
22455
In base 14, what is -1b - 518?
-535
In base 14, what is 18c - -4c?
1da
In base 13, what is -576 + -1b1?
-757
In base 4, what is 131132 + -10100?
121032
In base 3, what is -12111222 - 21?
-12112020
In base 7, what is 16 + -65564?
-65545
In base 4, what is 20003202 - -1031?
20010233
In base 9, what is 14 - -32884?
33008
In base 16, what is 85f9 - 5?
85f4
In base 16, what is -199 + 210?
77
In base 10, what is -3347 + 0?
-3347
In base 12, what is 84 - -2a24?
2aa8
In base 13